c**2 - 30 - 488*c - 10*c**2. Calculate b(12).
54
Let a = 9686 + -9689. Let l(t) = -3*t - 9. Calculate l(a).
0
Suppose b + 2*t - 6 = 0, 4*b = 3*b + 4*t. Let h be 2/b*0/(-1). Let a(g) = -1489*g**2 + 72537 - 72531 + 1488*g**2. What is a(h)?
6
Let j(l) = -59*l**3 + 3*l**2 + 13*l + 11. Let z(d) = -74*d**3 + 3*d**2 + 14*d + 12. Let v(p) = -5*j(p) + 4*z(p). Give v(-4).
45
Suppose 0 = 5*r + 4*o - 224, 11*o - 15*o = 16. Suppose x + r = 45. Let j(b) = b**3 + 2*b**2 - 3*b - 4. Calculate j(x).
-4
Suppose 0 = -5*d + k + 3*k - 20, 5 = 4*d + k. Let q(j) = -j + 4. Let y(x) = x - 2. Let z(w) = -4*q(w) - 3*y(w). What is z(d)?
-10
Let r(x) be the second derivative of -x**5/60 + x**4/12 + 11*x**3 + 16*x - 2. Let h(b) be the second derivative of r(b). Calculate h(4).
-6
Let l(q) = -7*q - 1. Let w = -107 - -104. Let v be 117/78*4/w. Calculate l(v).
13
Let j = 215 + -224. Let m(g) = 8*g + 10 - 12574*g**2 + 12575*g**2 + 2*g. What is m(j)?
1
Let u(f) be the third derivative of 23*f**4/12 + 325*f**3/6 + 4367*f**2. Give u(-7).
3
Let m(f) be the second derivative of -f**3 - 18*f**2 + 68*f. Determine m(-5).
-6
Let t(x) = 3*x - 103. Let z(h) = -8*h + 283. Let q(j) = 33*t(j) + 12*z(j). Let g = -12 + 17. Give q(g).
12
Let p be 2 + (-13 - 10) + 9 - -10. Let z(t) = 2*t**3 + 4*t**2 + 3*t. Determine z(p).
-6
Let w(x) = x**2 + 8*x - 4. Let z = -126 + 183. Let m = 55 - z. Let l be (3 + 2 - -7)/m. Give w(l).
-16
Let g be (-1 - 2)/(-3 + 78/24). Let q(y) = -y**2 + 5*y + 206. Calculate q(g).
2
Let b = 9 + -4. Let z = -268 - -267. Let q(s) = -s**3 - s**2 + s + 1. Let x(t) = 2*t**3 - 3*t**2 - 3*t + 2. Let m(n) = z*q(n) - x(n). Determine m(b).
-18
Let k be (126/35)/9*-90*(-7)/(-14). Let h(x) = 2*x**2 + 36*x + 9. Determine h(k).
9
Let p = 3198 - 3196. Let b(i) = 6*i**2 - 3*i + 3. What is b(p)?
21
Suppose 4*y - 7*p + 18 = 0, 2*p = -3*y + 5*p. Let b(i) = i**3 - 9*i**2 + 6*i - 3. Determine b(y).
-75
Let v(l) = l**2 - 46*l + 458. Let z be v(31). Let t(o) = -o**2 - 5*o - 1. What is t(z)?
-15
Suppose 266 = -496*m + 482*m. Let d(g) = 2*g**3 + 39*g**2 + 19*g - 6. Determine d(m).
-6
Let j(g) = -2*g + 1 - 4 - g**2 + 6 - 2. Let d be (-35)/11 + 4 + (-42)/11. Calculate j(d).
-2
Let r be (1*1/(-2))/((-51)/(-102)). Let g(f) = 23*f**2 + 4*f + 2. Let o(t) = 5*t**2 + t. Let n(v) = r*g(v) + 5*o(v). Determine n(2).
8
Let w(v) = -v**3 + 5*v**2 + 6*v + 11. Let z(n) = -2*n**3 + 11*n**2 + 13*n + 24. Let r be (-35)/10 - -3 - (-60)/8. Let s(g) = r*w(g) - 3*z(g). Calculate s(-2).
15
Let v(t) be the third derivative of -t**5/60 + t**4/12 - t**3/6 - 41*t**2. Suppose -5*x + 5*k = -x + 37, 5*k - 25 = 0. Calculate v(x).
-16
Let k(a) = -211*a + 15. Let d(r) = 1124*r - 78. Let w(x) = -3*d(x) - 16*k(x). Let s be (4/(-10))/(2/10). Let b be s - (-1)/(2/12). Calculate w(b).
10
Let z(h) = 8*h**3 + 2*h**2 - 1. Suppose -5*a + 108 = -197. Suppose 0 = -a*y + 43*y - 18. Calculate z(y).
-7
Let h be (27/(-45))/((-39)/130). Let d(b) = b - 12. What is d(h)?
-10
Let x = -50 - -94. Let l = -48 + x. Let i(p) = -5*p**3 + 9*p**2 + 3*p + 10. Let d(g) = 9*g**3 - 18*g**2 - 5*g - 20. Let j(k) = l*d(k) - 7*i(k). What is j(9)?
1
Let s(i) = -3*i**3 + i**2 + 4*i. Let g be s(2). Let u(p) = -p**2 - 8*p + 48. Let f be u(g). Let z(a) = -5 + 0 + 1 - 2 - a. Determine z(f).
-6
Let b be -15 + -2*(0 - -1). Let z = 14 + b. Let s(i) = -2*i + 3. Let r(m) = m - 1. Let o(f) = z*r(f) - s(f). Determine o(5).
-5
Let z(m) = 25*m + 92. Let o = 21457 + -21463. Determine z(o).
-58
Let b = -325 + 330. Let l(f) = -b*f**3 + 73*f**2 - 87*f**2 + 6*f**3 + 12*f + 18. What is l(13)?
5
Let a(j) = j**2 + 2*j - 2. Suppose 4*d = i + 2*i - 476, 0 = 3*i + 12. Let m be 26*-4*(-27)/24. Let l = d + m. What is a(l)?
13
Suppose 0 = 2*r - 0*r - 8. Let p(k) = -3*k**2 + 86 - 91 + 4*k**2 + 8*k**2 - 3*k - 5*k**2 - 3*k**2. Give p(r).
-1
Let z(j) = 21 + j**3 - 1990*j + 3948*j - 76 - 2*j**3 - 19*j**2 - 1979*j. Calculate z(-18).
-1
Let l(a) = 3*a + 50. Let p be l(-16). Suppose 0 = -p*v + 2, -5*b + 2*v + 1 = -2. Let o(h) = 12*h - 1. Determine o(b).
11
Let v(s) = -s**3 + 2. Let i(k) = 3*k**3 - 4*k**2 + 7*k - 15. Suppose 4*z + 3*b = -10, 7 = 5*z + b + 14. Let l(w) = z*i(w) - 4*v(w). Determine l(-6).
-23
Let r = 10880 - 10883. Let n(x) be the second derivative of -1/12*x**4 + x**2 + 0 - 2/3*x**3 - 2*x. What is n(r)?
5
Let a(j) = -9*j - 1. Let b = 66 + -68. Let q be a(b). Let l(t) = 31 - 15 - 5*t + 4*t**2 - q + t**3. What is l(-5)?
-1
Suppose -9*r - 21 = 69. Let v(l) be the first derivative of -l**2/2 - 12*l + 437. Calculate v(r).
-2
Let x(z) be the third derivative of z**5/20 + z**4/12 + 19*z**3/2 + 2*z**2 + 10*z. Let u(f) be the first derivative of x(f). Give u(-6).
-34
Suppose -1312*p = -1327*p + 15. Let y(j) = -9*j + 2. Determine y(p).
-7
Let n = -3049 - -3036. Let k(t) = t**3 + 12*t**2 - 15*t - 12. Calculate k(n).
14
Suppose 4*s + 18 = v, 0 = 8*s - 4*s - 8. Suppose -v*g - 17*g + 516 = 0. Let r(z) = -2*z + 25. Give r(g).
1
Let b(y) = -y**2 + 14*y - 11. Let r(m) = -m**3 + 31*m**2 + 36*m - 62. Let x be r(32). Suppose 801*g + x = 807*g. Calculate b(g).
22
Let b = -2500 - -2504. Suppose 0 = 4*g - g + k - 3, -3*g - 3 = 3*k. Let d(y) = 0 + 0 - 3*y - 3 + 2*y**g. Give d(b).
17
Let n = -445 + 454. Let t be (15/(315/(-56)))/(6/n). Let w(r) = 4*r - 2. What is w(t)?
-18
Let t(s) be the third derivative of -s**6/120 + 7*s**5/60 - s**4/6 - 7*s**3/6 + 567*s**2. Determine t(6).
5
Let a(i) = -i**3 + 2*i**2 + 3*i + 2. Let f be a(3). Suppose 0 = f*h + 3*r - 6, -2*r = 3*r - 10. Let g(j) = j**2 + 2. Calculate g(h).
2
Let p(s) be the third derivative of -s**5/120 + 7*s**4/24 + 6*s**3 - 13*s**2 - 3. Let g(d) be the first derivative of p(d). Give g(-6).
13
Let t be 3/(-7) + 93/21. Let f(k) = 193*k - 192*k + 0 - t. Let g(w) = -8*w**3 - 2*w - 1. Let b be g(-1). Determine f(b).
5
Let a(h) be the second derivative of 0*h**2 - 3 - 7/6*h**3 + 5/12*h**4 - 13*h + 1/20*h**5. Calculate a(-6).
6
Let h(k) = k**2 + 11*k + 35. Let y be h(-6). Suppose 18 + 12 = y*z. Let x(c) be the first derivative of c**2/2 + 4*c + 4. Calculate x(z).
10
Let c(j) = -2 - 13*j + 1 - 2*j + 0*j + j. Suppose 0 = 5*n - 1 - 4. Give c(n).
-15
Let q(n) be the third derivative of n**6/15 + n**5/20 - n**4/6 - n**3/6 + 1682*n**2. Give q(2).
67
Let m(t) = -t**2 - 27*t + 31. Let u be m(-28). Let b(l) = 10*l**3 - 2*l + 6*l**3 - 1 - l**2 - 20*l**u. Determine b(-2).
31
Let c(g) be the first derivative of -g**4/4 - g**3/3 - g**2/2 - 4*g - 5733. Determine c(0).
-4
Let z(o) = -o**2 - 23*o. Let v(g) = 7*g**2 + 165*g + 63. Let s(w) = -v(w) - 6*z(w). What is s(-24)?
9
Let y(t) = -2*t - 1. Let c(k) = k**3 + 5*k**2 - 7*k - 2. Let v(n) = c(n) - y(n). Calculate v(-7).
-64
Suppose 2*i = -2*i + 16. Suppose 5*f = -i*a + 163, -5*f = -2*a - 0 - 151. Suppose -b = -2*x - 3, 4*x + b + 2*b = -f. Let k(r) = r + 3. Determine k(x).
-1
Let q(m) = m**2 - 6*m + 5. Let u(x) = x - 1. Let z(a) = 3*a - 3. Let w(t) = -4*u(t) + z(t). Let r be w(-5). Suppose -r*v + 14 + 10 = 0. Determine q(v).
-3
Let i(b) = -2*b**3 + 3*b**2 + 3*b + 8. Let s(v) = v**3 - 3*v**2 - 3*v - 7. Let x(q) = 2*i(q) + 3*s(q). Suppose 5*c - 4*t + 11 = 0, -3*t = -8 + 11. Give x(c).
4
Let v = 7558 + -7551. Let h(d) be the second derivative of -d**4/12 + 4*d**3/3 - 9*d**2/2 + 10*d. Determine h(v).
-2
Let f(j) = -10*j**2 + 1. Suppose -11*a + 72 = a. Let h be (44 + -42)*(a/4 + -2). What is f(h)?
-9
Let y(x) = x**3 + 3*x**2 + 5. Suppose w = -5*s - 25, 4*w + 17 = s + 1. Calculate y(s).
-11
Let p(f) be the second derivative of -f**4/6 + 7*f**3/2 - 21*f**2 + 6267*f. Calculate p(10).
-32
Let x(n) be the first derivative of n**3/3 + 15*n**2/2 - 13*n - 4387. Calculate x(-7).
-69
Let u(k) = 2*k**2 + 21*k + 57. Let o be u(-5). Suppose 0 = f + 3*j - 5, 2*f = 4*f + 3*j + o. Let v(b) = b**3 + 8*b**2 + 9*b + 5. Determine v(f).
-9
Let b(t) = -t - 164353 - 2*t**2 - 5*t + t**2 + 164404. What is b(-11)?
-4
Let h(f) = -f**3 - f**2 + f + 1. Let l(a) = a**3 + 4*a**2 - 2*a. Let b(u) = 2*h(u) + l(u). Let s = 5272 + -5269. Determine b(s).
-7
Suppose 1007*g = 987*g + 100. Let v(t) be the third derivative of 0*t + 0 - 18*t**2 - 1/6*t**3 - 1/20*t**g + 0*t**4. Give v(-1).
-4
Let u(j) = -2*j**2 - 3. Suppose -3*h = -438 + 432. Let k(b) = -b**3 + b**2 + 1. Let t(d) = h*k(d) + u(d). Determine t(1).
-3
Let n(y) = -1326*y**2 - 2657*y - 6. Let o be n(-2). Let w(g